er when 175 is divided by j.
1
Let x(n) = -3232*n - 16110. What is the remainder when x(-5) is divided by 37?
13
Let o = -565 - -590. Suppose 0 = -17*m + 45 + 108. Calculate the remainder when o is divided by m.
7
Suppose 211*s - 3508 = -3105 + 4028. What is the remainder when 499 is divided by s?
16
Let d = 3687 + -3666. What is the remainder when 314 is divided by d?
20
Suppose 2*o = 21 - 15. Suppose -o*s = -l + 42, -s = 4*l + s - 112. Suppose -2*t + 158 = 4*r, -2*r = 4*t + r - 341. What is the remainder when t is divided by l?
29
What is the remainder when 726 is divided by (-1612)/(-11) + (20 - 1582/77)?
142
Let u(a) = a**3 - 42*a**2 - 724*a - 104. Let v = -167 + 242. Calculate the remainder when v is divided by u(-13).
10
Suppose 3*u - 3 = -5*q, 2*u - 4 + 2 = -4*q. Calculate the remainder when 9 is divided by 0/(-3) - -3 - q/(-2).
0
Suppose 1987*o - 1971*o = 688. What is the remainder when 292 is divided by o?
34
Let r(o) = -o**2 - 3*o + 12. Let n = -53 - -48. Let c be r(n). Suppose -3*h + c*h + 3 = 0. What is the remainder when 5 is divided by h?
2
Suppose -850 = 7*a - 157. Let r = 114 + a. Calculate the remainder when 91 is divided by r.
1
Let v(p) = p**3 - 4*p**2 + p + 75. Let k be v(0). Let r = k + -55. What is the remainder when 96 is divided by r?
16
Let c(n) = -29*n - 219. Let u be c(-7). Calculate the remainder when (0 - u) + 3 - 1 is divided by (6/7)/(1/7).
0
Let p(u) = u**2 - 5*u + 2. Let l(r) = -3*r**2 + 15*r - 6. Let w(o) = 3*l(o) + 8*p(o). What is the remainder when 5*(-12)/(-18)*(-9)/(-6) is divided by w(4)?
1
Suppose -5*r + 15 = 0, -26*z = -25*z + 5*r - 846. Calculate the remainder when z is divided by 135.
21
Let m(u) = -22*u**2 + 5*u**2 + 333 + u**3 - 318 - 17*u. Let h = -41 + 59. What is the remainder when m(18) is divided by h?
15
Let s = 5158 + -5072. Calculate the remainder when 287 is divided by s.
29
Let p be 766/(-5) + (-2)/(-10). Let s = 525 - 619. Let k = s - p. Calculate the remainder when k is divided by 30.
29
Let y be 5/2 + -1 - (-27144)/144. Let n = -84 + 84. Suppose n = -11*p + 21*p - y. What is the remainder when 49 is divided by p?
11
Suppose -r + 27 = 2*i, -4*r - 15 = 5*i - 108. Calculate the remainder when (-5)/40 - (-3759)/56 is divided by r.
16
Suppose 0 = -4*r - 5*r + 126. Let t(i) = i**2 + 5*i + 9. Let m be t(r). Let n = m + -99. What is the remainder when n is divided by 36?
32
Suppose 4*d = -4*z + 3*d + 75, -2*d = z - 10. Let l(r) = -r**3 + 19*r**2 + 23*r - 13. Calculate the remainder when l(z) is divided by 10.
7
Let t(a) = a**3 - 14*a**2 + 11*a + 29. Let g be t(13). What is the remainder when 9 + -3 - -2*1 is divided by 8*(-30)/(-80)*8/g?
0
Suppose -614 - 658 = -86*b + 190. Calculate the remainder when -8 - -9 - (0 - 46) is divided by b.
13
Let j(i) = 13*i**2 - 88*i - 17. What is the remainder when 4439 is divided by j(8)?
110
Suppose 15*b - 17160 = -115*b. Calculate the remainder when 389 is divided by b.
125
Let g be 28/20 + 4 - (-4)/(-10). Suppose -2*m - h = -32, -m = -g*h - 3 - 2. Calculate the remainder when 29 is divided by m.
14
Let u(r) = -2*r**3 + 95*r**2 + 49*r - 6. Let o = -170 - -460. Calculate the remainder when o is divided by u(48).
38
Let o = 339 + -168. Suppose o = 10*z - z. What is the remainder when 242 is divided by z?
14
Let j(u) = -237*u - 1766. What is the remainder when 18069 is divided by j(-8)?
129
Suppose -16 = -4*f + 8*f. Let d(k) = -k**2 - 12*k - 17. Let j(x) = x + 1. Let c(t) = d(t) + 3*j(t). What is the remainder when 9 is divided by c(f)?
3
Let s = -4698 - -4706. Let h be ((-19)/3)/(8/24). Let j = h + 41. Calculate the remainder when j is divided by s.
6
Suppose r = -m + 46, 2*r + r + 5*m - 130 = 0. Suppose -4*i + y - 56 = -3*y, 5*i - y = -r. Calculate the remainder when 18 is divided by 10 + i/((-9)/(-3)).
4
Let m be (16/3 + -4)*135/6. Let g be ((-408)/m + -3)/(2/(-10)). Suppose 6*y = g + 223. Calculate the remainder when y is divided by 18.
15
Let u = 5302 - 4760. What is the remainder when u is divided by 249?
44
Let t = -1495 + 1500. Suppose 0 = 5*n - 8 - 72. What is the remainder when n is divided by t?
1
Suppose 13*j - 28*j = -14970. Let w = j - 901. What is the remainder when w is divided by 74?
23
Suppose 19 = -5*b - 2*c + 123, -b = 3*c - 26. Suppose j = -3*w + 25, -w + 2*j = 3*w - 30. Calculate the remainder when b is divided by w.
4
Suppose -46 = -f - 5*a, -1002*a - 41 = -5*f - 1000*a. Calculate the remainder when 191 is divided by f.
4
Suppose -2*l = -l - 2. Suppose m + 131 = l*m. Suppose 2*x + 4*q - 24 = 0, 4*x = -6*q - 5 + 53. Calculate the remainder when m is divided by x.
11
What is the remainder when ((281 + 21)*(-1)/2)/((-1)/1) is divided by 37?
3
Suppose -3*u - 155 = -3*j + 2*u, -u = -5. Calculate the remainder when (1 + (-1)/(-2))*j/9 is divided by 1.
0
Let w(k) = 39 + 29*k**2 - 20 - 4 + 43 + k**3 + 56*k. What is the remainder when 6 is divided by w(-27)?
2
Let d(y) = 68*y + 381. Calculate the remainder when 535 is divided by d(-5).
2
Suppose -8*z = -2*m - 9*z + 630, -4*z = 5*m - 1575. Suppose 0 = 23*j - m - 375. What is the remainder when 266 is divided by j?
26
What is the remainder when 86 is divided by ((416/(-28))/2)/((-2)/7)?
8
Suppose -20*f + 2573 = -5567. Let s = 411 - f. What is the remainder when 30 is divided by s?
2
Let l(n) = -n + 21. Let d be l(0). Suppose 17*h + 48 = d*h. Let v(a) = -a**3 + a + 35. Calculate the remainder when v(0) is divided by h.
11
Suppose 11 + 9 = -2*v - 2*k, 3*k = -4*v - 35. Let x be (10/25)/((-1)/v). Suppose 3*s = x*s + 42. What is the remainder when s is divided by 15?
12
Suppose 0 = -5*x - 3*v + 532, 4*x - 232 - 194 = -2*v. Calculate the remainder when x is divided by 23.
15
What is the remainder when (-10*1)/2 - (-743 + (-616)/(-28)) is divided by 283?
150
Calculate the remainder when 9/21*15971935/1098 + 2/(-12) is divided by 11.
8
Calculate the remainder when 1671 is divided by (-1 + 3)/(2406/(-201) + 12).
63
Suppose -39*j = -49*j - 90. What is the remainder when 24/j + (-118)/(-6) is divided by 3?
2
Let r be (-1)/4 - 3435/(-12). Let s = 16 + r. Let n(m) = 283*m - 23711. What is the remainder when s is divided by n(84)?
58
Suppose 0 = -4*a + 2147 + 3901. Suppose 43*w - 31*w - a = 0. Let c = 34 - 2. What is the remainder when w is divided by c?
30
Suppose -5*s + 5201 = -3*u, -5*u - 37 + 27 = 0. Calculate the remainder when s is divided by 25.
14
Let d(s) = 106*s - 1047. Calculate the remainder when 195 is divided by d(10).
0
Suppose -4*a - b - 1003 = 167, -2*b = a + 289. Let c = a - -311. What is the remainder when c is divided by (7/(-4))/(1/(-4))?
4
Let y = -4 + 7. Calculate the remainder when (-240)/39 + 6 + 9842/91 is divided by y*-37*(-2)/6.
34
Calculate the remainder when (3*5/45)/(5/12165) is divided by 58.
57
Suppose -39*k = -36*k. Suppose k = -2*h + 3 + 97. Suppose -6*x + 5*x - 4*r = -55, -x = 5*r - h. Calculate the remainder when x is divided by 13.
10
Let t = 8194 + -8168. What is the remainder when 267 is divided by t?
7
Let w(r) = -r**3 + 8*r**2 - 2*r - 14. Suppose -s - 3 = -2*i - 0*i, -2*i - 5*s = -33. Suppose 3*x + 5 = i*x. What is the remainder when w(x) is divided by 26?
25
Suppose 28 = 2*x - 158. Let o = 553 - 345. Suppose -12*q - q + o = 0. Calculate the remainder when x is divided by q.
13
Let r = -348 + 401. Calculate the remainder when (-4 - 70/(-25))*-105 is divided by r.
20
Let d(n) = n**2 - 103*n + 2088. Calculate the remainder when 981 is divided by d(80).
237
Let m be (14 - -3) + 10/5. Let x be m/4 - ((-21)/(-12) + -2). Let t(l) = 2*l - 2. Calculate the remainder when 13 is divided by t(x).
5
Let p = -3244 + 11551. Calculate the remainder when p is divided by 378.
369
Let y be 9 - (-1272)/36 - 2/6. Suppose -4*f + 4*i = -y, 2*i - 2 = -4*f + 66. What is the remainder when 28 is divided by f?
13
Let y = 433 + -81. What is the remainder when y is divided by (-7)/2*(-1416)/84?
57
Suppose -z - 3 = 4*z - 3*f, 0 = -3*z + 4*f - 4. Suppose 10*d + 2*d - 2364 = z. Calculate the remainder when d is divided by 18.
17
Let r = 13 - -5. Let i = 386 - 278. Suppose -15*m + 42 = -i. Calculate the remainder when r is divided by m.
8
Suppose 27667 + 38462 = 15*t - 45351. Calculate the remainder when t is divided by 126.
124
Let d(n) = 65*n**2 - 243*n - 2604. Calculate the remainder when d(-11) 